List the prime factors of x(g).
7
Let a(w) = 20*w + 5. What are the prime factors of a(4)?
5, 17
Let k(a) = -3*a - 8. Let t be k(-4). Suppose -m + 3 = -t. What are the prime factors of m?
7
Let w be 38/8 + (-9)/12. Suppose 0 = w*j - 0*j - 64. Suppose -23 = -4*o - 3*q + 28, -o - j = -5*q. List the prime factors of o.
3
Suppose -5*k - 2*h = 29, h + 4 = -k - 3. Let s(l) = l**3 + 4*l**2 - 7*l + 2. Let u be s(k). Let z = u - 1. List the prime factors of z.
11
Suppose -3*p - 4*p = -1190. What are the prime factors of p?
2, 5, 17
Let y(p) = p - 1. Let x be y(6). Suppose -3*t = 5*s - 5, -x*t - 2*s + 40 = -0*t. Suppose 4*u + d + d = t, -9 = -4*u - 3*d. List the prime factors of u.
3
Let b be (1 - 0)*(-1)/(-1). Let d(h) be the first derivative of 6*h**3 + 3. List the prime factors of d(b).
2, 3
Let u(b) = -2*b**3 - 8*b**2 + 9*b + 14. What are the prime factors of u(-7)?
5, 7
Let g(q) = -q**2 - 7*q - 3. Let c be g(-5). List the prime factors of 2/c + (-26)/(-7).
2
Let d = -15 + 10. List the prime factors of -1*3 + 21 + d.
13
Let p = -125 - -20. What are the prime factors of 1 + 2 + p/(-3)?
2, 19
List the prime factors of 85 - 2*2/(-2).
3, 29
Let f be 24/10*(-20)/(-3). Suppose 0*o + 12 = 2*o + 2*n, -f = -o + 4*n. Suppose o*w - 5*w = 27. List the prime factors of w.
3
Let z be 1/(108/(-111) + 1). Suppose 4*p = 1 - z. List the prime factors of (p/5)/((-2)/10).
3
Let p(i) = -6*i**3 + i**2 + 6*i - 2. Let y(a) = -a**3 - a**2. Let g(n) = -p(n) + 5*y(n). Let o be g(7). List the prime factors of (-1 - (-21)/o)*9.
2, 3
Suppose 3*x + 5*q - q + 54 = 0, -4*q - 26 = x. Let g = 35 + x. Suppose 0 = -3*u - 5*p + g, -u - 14 = -3*u + p. List the prime factors of u.
7
Suppose -2*g + 4*g = 6. Suppose -9 = -g*s + 3. What are the prime factors of s?
2
Let u be (6 + -2 - -12) + 1. Let m = 53 - u. What are the prime factors of m?
2, 3
Let r = -4 - -6. Let l = r + 4. What are the prime factors of l?
2, 3
Let g be 0*(-3 - (-15)/6). Suppose -2*z - 2*z - 204 = g. What are the prime factors of ((-6)/9)/(2/z)?
17
Let r be ((-8)/(-16))/(1/(-24)). Let t = 17 + r. Suppose 4*o = -20, 3*h = 6*h + t*o - 14. List the prime factors of h.
13
Let x(k) = 4*k - 7. What are the prime factors of x(4)?
3
Suppose 2*m + 3*w = 277, -m = -5*w - 78 - 93. List the prime factors of m.
2, 73
Let f = 1 + 2. What are the prime factors of 0 + (5 - 2)*f?
3
Let y = 75 + -28. List the prime factors of y.
47
Suppose -4*w - 4*n = -2*w - 306, 0 = 5*w + n - 747. List the prime factors of w.
149
Let f(i) = -i**2 + 6*i + 15. What are the prime factors of f(7)?
2
Let k(m) be the second derivative of m**4/12 - m**3/2 + 2*m**2 - m. List the prime factors of k(3).
2
Let q(w) = 2*w**2 + w - 22. List the prime factors of q(-9).
131
Let s(p) = -73*p - 2. Let l be s(1). Let n = -50 - l. What are the prime factors of n?
5
Let k(q) = -8*q - 21. What are the prime factors of k(-9)?
3, 17
Suppose -292 = -2*q + 5*p, 0*p + 2*p - 759 = -5*q. What are the prime factors of q?
151
Suppose 0 = -a - 2*a + 114. Suppose 0 = -2*t + 20 + a. What are the prime factors of t?
29
Suppose 2*j = 4*o, 2*o - 2*j = -0 - 4. What are the prime factors of 5/((-9)/6 + o)?
2, 5
Let h(d) = -d - 3. Let i be h(-5). Let q = i - 1. What are the prime factors of 5 - (-1 - (q - 2))?
5
Let l = -12 - 130. What are the prime factors of l/(-6) - (-6)/(-9)?
23
Suppose -3*y + 4*x = y - 304, -4*y - x = -309. List the prime factors of y.
7, 11
Let y(p) = p**3 - 3*p**2 + 2*p + 2. Let g be y(2). List the prime factors of 25 + -1 + 1 + g.
3
Let g be (-10)/(-3) + (-1)/3. Suppose c - r + 4*r - 35 = 0, 3*c = g*r + 45. What are the prime factors of c?
2, 5
List the prime factors of (-12)/(-9) + 58/(-6)*-19.
5, 37
Suppose 2*c - 44 - 4 = 0. What are the prime factors of c?
2, 3
Let m(k) = -k**2. Let c be m(0). Suppose -y = -c*y + 6. List the prime factors of 1*(1 - y) - 2.
5
Suppose -2*u = x - 5*x - 2, -x + 5*u = 23. Suppose 3*i + 9 = 0, 12 = x*b - 3*i + i. What are the prime factors of b?
3
Let p = 103 + -58. List the prime factors of p.
3, 5
Let v be 4/16 + (-3)/12. Let m = -3 - -4. Suppose v = 2*t - m - 7. What are the prime factors of t?
2
Let t be 4/14 - 658/(-98). Let k(v) = 15*v + 3. Let x(w) = -7*w - 1. Let r(z) = -6*k(z) - 13*x(z). What are the prime factors of r(t)?
2
Let q be -2 - 6*(-3)/2. Suppose 7 = 2*p - q. What are the prime factors of p?
7
Suppose 0 = 2*u - 11 - 77. List the prime factors of u.
2, 11
Suppose r - 21 = 2*q - 6*q, 0 = 3*r + q - 19. Suppose 0 = 4*b + r*a + 12, 2*a = 6*b - b - 18. List the prime factors of 196/16 + b/(-8).
2, 3
Let m(x) = 6*x - 5. List the prime factors of m(5).
5
Suppose -5*q = -10 - 5. Suppose -q*x + 38 + 4 = 0. What are the prime factors of x?
2, 7
Let i = -2 + 6. Suppose -a = i + 7. Let f = 2 - a. List the prime factors of f.
13
Let q(i) = -3*i + 2. Let b be q(4). Let c = -3 - b. Let m(u) = u**2 - 6*u + 5. List the prime factors of m(c).
2, 3
List the prime factors of ((-48)/(-14))/(16/448).
2, 3
Let l(w) = -39*w. What are the prime factors of l(-1)?
3, 13
Suppose -3*b - 2*b = 0. Let f = b + 11. Let v = f + -2. List the prime factors of v.
3
Let y(v) = v**3 + 7*v**2 + 2*v + 9. Let m be y(-7). What are the prime factors of 4/(-10) - 42/m?
2
Suppose -2*h - 4*j + 5*j + 144 = 0, -2*j = -3*h + 218. What are the prime factors of h?
2, 5, 7
Let w = -7 - -14. Let k = 9 - w. Suppose -17 = -k*j + 11. What are the prime factors of j?
2, 7
Let l(c) be the third derivative of c**5/60 - c**4/6 - 2*c**3/3 + c**2. List the prime factors of l(6).
2
List the prime factors of (-1040)/(-15) + (-2)/(-3).
2, 5, 7
Suppose -3*q - 6 = -27. List the prime factors of q/(14/48) + 0.
2, 3
Suppose -2 = 2*p - 8. Let x = 9 - p. What are the prime factors of x?
2, 3
Suppose 142 = 4*m + 5*y, -m + 4*y + 124 = 3*m. What are the prime factors of m?
3, 11
Let i be 2/(-2)*-1*7. Let x = -12 + i. What are the prime factors of 2/x + (-54)/(-10)?
5
Let h = 22 - 3. Let d = h - 14. List the prime factors of d.
5
Suppose 4*k = 3*c + 48, 4*k + 3*c = 4*c + 56. Let r = k - 5. List the prime factors of r.
2, 5
Let h(u) = -u**2 - 11*u - 2. Suppose 3*j = -8 - 7, k - 4*j = 12. What are the prime factors of h(k)?
2, 11
Let j(z) = z**3 - 6*z**2 - 7*z + 5. Let a be j(7). Suppose -2*m + 5*m + 143 = a*x, -x + 51 = 5*m. List the prime factors of x.
31
Suppose -3*g = g + 12. Let c = g - -5. List the prime factors of c - (-19 + (-2 - -2)).
3, 7
Suppose 11*u - 9*u - 36 = 0. List the prime factors of u.
2, 3
Suppose -s + 129 = 3*c - 38, -4*c = 5*s - 219. Suppose 2*m + 3*i + c = 0, 3*m + 32 = 2*i - 26. Let l = m - -33. What are the prime factors of l?
11
Let t(s) = 2*s - 4. Let k be t(6). Suppose -5*w + 70 = -5*a, 12 = w + 5*a - k. What are the prime factors of w?
3, 5
Let i be 186/45 + (-2)/15. Suppose -13 = -i*j + 31. List the prime factors of j.
11
Let k be 5 - 1/2*6. Suppose -2*o + 40 = -3*d - 11, k*o + d - 31 = 0. What are the prime factors of o?
2, 3
Let l(x) = x**3 + 9*x**2 - 7*x - 13. What are the prime factors of l(-9)?
2, 5
Suppose -5*p + 1213 = -237. List the prime factors of p.
2, 5, 29
Let x(y) = -7 - 6*y**2 + 1 + y**3 + 9*y - 2*y - 1. What are the prime factors of x(5)?
3
Let v(i) = -i + 4. Let u = 6 - 4. Let g be v(u). Suppose 2*c = 5*o, 2*c - g*o - 5 = 7. What are the prime factors of c?
2, 5
Suppose -4*i = 116 - 452. List the prime factors of i.
2, 3, 7
Let w be 54/(-4) + (-2)/4. Let j be 9/(-7) - 4/w. List the prime factors of j - (1 - 3 - 7).
2
Suppose -5*n - 1 = 14. Let t = 32 - n. Suppose 0 = 7*c - 2*c - t. List the prime factors of c.
7
Let t = -62 - -104. Suppose 10 = g - t. List the prime factors of g.
2, 13
Let u = 204 - 113. List the prime factors of u.
7, 13
Suppose 4*p + 5*o = -3, -20 + 8 = 4*o. Suppose 2*w + p = 9. What are the prime factors of w?
3
Suppose 2*a = -3*a + 185. What are the prime factors of a?
37
Let i be (-4)/(-4) - -1 - -1. Suppose 15 = i*r - 60. List the prime factors of r.
5
Let r(o) = -7*o - 2. Let n(w) = -168*w - 49. Let t(p) = 2*n(p) - 49*r(p). Let s be t(-1). Let m = s + 12. List the prime factors of m.
5
Let l(k) = -k**3 - 3*k**2 + 5*k + 8. What are the prime factors of l(-5)?
3, 11
Let j(r) = 13*r - 4. Let o be j(3). Let p = o - 23. What are the prime factors of p?
2, 3
Suppose -3*p - 2 = -f, 2*f + 0*f - 4 = -5*p. Suppose 3*j + f*j - 2*